s the highest common divisor of 888 and 101676?
444
What is the highest common divisor of 670 and 370?
10
What is the highest common divisor of 80800 and 1818?
202
Calculate the greatest common divisor of 227757 and 1896.
237
What is the greatest common factor of 21707 and 13733?
443
Calculate the greatest common factor of 564 and 1440832.
188
Calculate the greatest common divisor of 77168 and 4081.
371
Calculate the greatest common divisor of 73050 and 320.
10
Calculate the greatest common divisor of 50318 and 6.
2
Calculate the highest common divisor of 1669498 and 2696.
674
Calculate the greatest common divisor of 1008 and 845040.
336
Calculate the greatest common divisor of 1863 and 8667.
81
Calculate the highest common factor of 390 and 6114.
6
Calculate the greatest common factor of 1654877 and 98.
49
What is the highest common factor of 47372 and 572?
52
Calculate the greatest common divisor of 625 and 38875.
125
Calculate the highest common factor of 697 and 2747.
41
What is the highest common divisor of 23 and 7479?
1
What is the highest common factor of 19356 and 36?
12
Calculate the highest common factor of 29841 and 255.
3
Calculate the greatest common factor of 1512 and 1306746.
378
What is the highest common factor of 80964 and 180?
36
Calculate the highest common divisor of 1764 and 30.
6
What is the highest common factor of 6 and 105057?
3
What is the greatest common factor of 3162748 and 68?
68
What is the greatest common factor of 580 and 70064?
116
What is the highest common factor of 7724 and 4?
4
What is the highest common divisor of 322560 and 154?
14
Calculate the highest common factor of 132 and 63536.
44
What is the highest common divisor of 52805 and 3835?
295
What is the highest common factor of 55020 and 3640?
140
What is the greatest common factor of 9048 and 507?
39
What is the greatest common divisor of 65455 and 2080?
65
What is the greatest common divisor of 5156 and 4?
4
What is the greatest common factor of 81841 and 5872?
367
Calculate the greatest common divisor of 1173 and 10166.
391
Calculate the greatest common factor of 4622 and 2049857.
2311
Calculate the greatest common factor of 50054 and 174.
58
Calculate the greatest common divisor of 2905 and 521157.
581
What is the greatest common factor of 1 and 15233?
1
What is the highest common divisor of 218812 and 176?
44
What is the highest common divisor of 5054 and 392768?
722
Calculate the greatest common divisor of 55689 and 969.
57
Calculate the highest common factor of 19866 and 33.
33
What is the greatest common factor of 3172 and 12311?
13
Calculate the highest common factor of 410200 and 23800.
1400
What is the highest common factor of 29 and 160631?
29
Calculate the highest common factor of 73635 and 150.
15
Calculate the highest common factor of 144570 and 8848.
158
Calculate the greatest common divisor of 18 and 11841.
3
Calculate the greatest common divisor of 186534 and 54.
18
What is the highest common divisor of 21832 and 8?
8
What is the greatest common divisor of 3029 and 9906?
13
Calculate the highest common divisor of 180 and 58740.
60
Calculate the highest common factor of 506630 and 70.
10
What is the highest common factor of 292576 and 41?
41
Calculate the highest common factor of 51200 and 14848.
512
Calculate the highest common divisor of 324432 and 180.
36
What is the greatest common factor of 24375 and 118170?
195
Calculate the highest common factor of 612 and 11781.
153
What is the highest common divisor of 8 and 7736?
8
What is the highest common factor of 83570 and 3355?
305
Calculate the greatest common factor of 16233 and 2856.
21
Calculate the highest common factor of 2688 and 3192.
168
What is the greatest common factor of 1370 and 4247?
137
Calculate the highest common factor of 11 and 1801239.
11
What is the greatest common factor of 6095 and 18745?
115
Calculate the greatest common factor of 1105 and 1054.
17
Calculate the highest common factor of 254334 and 38.
38
Calculate the highest common divisor of 1911 and 2058.
147
Calculate the greatest common divisor of 130 and 3239210.
130
What is the greatest common factor of 112 and 19124?
28
What is the highest common factor of 378 and 616238?
14
What is the highest common factor of 5224 and 4021174?
1306
Calculate the greatest common factor of 7880 and 920.
40
What is the highest common factor of 902 and 61127?
11
Calculate the greatest common divisor of 263976 and 1224.
408
What is the highest common divisor of 8433 and 1980?
9
Calculate the greatest common factor of 6943 and 262.
131
Calculate the highest common divisor of 96 and 10884.
12
Calculate the highest common divisor of 20570 and 106480.
1210
What is the greatest common factor of 20514 and 28782?
78
What is the highest common factor of 72 and 25659?
9
What is the highest common divisor of 6008272 and 274?
274
What is the greatest common divisor of 2850 and 15?
15
What is the highest common factor of 39627 and 882?
63
Calculate the highest common divisor of 69856 and 592.
592
What is the greatest common factor of 164632 and 520?
104
What is the highest common divisor of 965613 and 29?
29
Calculate the highest common factor of 8 and 5368.
8
Calculate the highest common divisor of 670410 and 19656.
702
Calculate the highest common divisor of 3371967 and 459.
153
Calculate the highest common factor of 50768 and 1216.
304
What is the highest common factor of 1256 and 816?
8
What is the greatest common divisor of 97792 and 5157?
191
Calculate the highest common divisor of 26580 and 1455.
15
Calculate the greatest common factor of 12 and 584076.
12
What is the highest common factor of 15 and 467160?
15
What is the greatest common factor of 40842 and 234?
18
Calculate the greatest common divisor of 5498450 and 25.
25
Calculate the highest common divisor of 251 and 2.
1
What is the highest common divisor of 9554 and 1632?
34
Calculate the greatest common factor of 279 and 90303.
93
Calculate the greatest common divisor of 11102 and 294.
14
Calculate the highest common divisor of 21 and 127771.
7
Calculate the highest common divisor of 24 and 46839.
3
Calculate the highest common factor of 34940 and 460.
20
What is the greatest common factor of 6 and 24693?
3
What is the greatest common divisor of 328666 and 26?
26
What is the highest common divisor of 8 and 10713152?
8
Calculate the highest common divisor of 70 and 2785.
5
What is the highest common divisor of 2605 and 16672?
521
What is the greatest common factor of 21842 and 268?
134
Calculate the greatest common divisor of 44125 and 3875.
125
What is the greatest common divisor of 991628 and 11?
11
Calculate the greatest common divisor of 1137 and 594.
3
What is the greatest common divisor of 304145 and 2065?
295
What is the greatest common divisor of 108 and 217836?
108
Calculate the highest common divisor of 8640 and 675.
135
What is the greatest common divisor of 88 and 581812?
44
What is the highest common factor of 5 and 104199?
1
Calculate the highest common divisor of 11892 and 3.
3
What is the greatest common factor of 15892 and 76?
4
Calculate the highest common factor of 7327 and 3879.
431
Calculate the highest common factor of 7098 and 70.
14
What is the greatest common factor of 30585 and 1?
1
What is the highest common divisor of 2643521 and 193?
193
What is the greatest common factor of 156246 and 240?
6
What is the greatest common factor of 5986 and 365?
73
Calculate the highest common factor of 1036 and 12173.
259
Calculate the greatest common divisor of 29376 and 54.
54
Calculate the highest common divisor of 10 and 20.
10
What is the highest common factor of 32 and 2218?
2
What is the highest common factor of 8436600 and 2616?
2616
What is the greatest common factor of 53339 and 746?
373
What is the highest common factor of 111784 and 2669?
157
Calculate the greatest common factor of 26416 and 230632.
1016
What is the highest common factor of 124300 and 341?
11
What is the highest common divisor of 11 and 174284?
11
What is the highest common divisor of 349824 and 9?
3
Calculate the highest common divisor of 162376 and 8.
8
Calculate the greatest common factor of 3675 and 3381.
147
Calculate the greatest common divisor of 18327 and 54120.
123
W